{"id":58,"date":"2024-05-11T07:19:18","date_gmt":"2024-05-11T07:19:18","guid":{"rendered":"https:\/\/thinhphatland.vn\/?page_id=58"},"modified":"2024-08-12T16:27:42","modified_gmt":"2024-08-12T16:27:42","slug":"xay-dung","status":"publish","type":"page","link":"https:\/\/thinhphatland.vn\/index.php\/xay-dung\/","title":{"rendered":"X\u00e2y D\u1ef1ng"},"content":{"rendered":"\n\t<section class=\"section\" id=\"section_40949303\">\n\t\t<div class=\"bg section-bg fill bg-fill  bg-loaded\" >\n\n\t\t\t\n\t\t\t\n\t\t\t\n\n\t\t<\/div>\n\n\t\t\n\n\t\t<div class=\"section-content relative\">\n\t\t\t\n\n<div class=\"slider-wrapper relative\" id=\"slider-612552426\" >\n    <div class=\"slider slider-nav-circle slider-nav-large slider-nav-light slider-style-normal\"\n        data-flickity-options='{\n            \"cellAlign\": \"center\",\n            \"imagesLoaded\": true,\n            \"lazyLoad\": 1,\n            \"freeScroll\": false,\n            \"wrapAround\": true,\n            \"autoPlay\": 600,\n            \"pauseAutoPlayOnHover\" : true,\n            \"prevNextButtons\": true,\n            \"contain\" : true,\n            \"adaptiveHeight\" : true,\n            \"dragThreshold\" : 10,\n            \"percentPosition\": true,\n            \"pageDots\": true,\n            \"rightToLeft\": false,\n            \"draggable\": true,\n            \"selectedAttraction\": 0.1,\n            \"parallax\" : 0,\n            \"friction\": 0.6        }'\n        >\n        \n\n\t<div class=\"img has-hover x md-x lg-x y md-y lg-y\" id=\"image_1492022389\">\n\t\t\t\t\t\t\t\t<div class=\"img-inner dark\" >\n\t\t\t<img loading=\"lazy\" decoding=\"async\" width=\"1020\" height=\"679\" src=\"https:\/\/thinhphatland.vn\/wp-content\/uploads\/2024\/05\/thiet-ke-xay-dung-1024x682.jpg\" class=\"attachment-large size-large\" alt=\"Thi\u1ebft k\u1ebf x\u00e2y d\u1ef1ng nh\u00e0\" srcset=\"https:\/\/thinhphatland.vn\/wp-content\/uploads\/2024\/05\/thiet-ke-xay-dung-1024x682.jpg 1024w, https:\/\/thinhphatland.vn\/wp-content\/uploads\/2024\/05\/thiet-ke-xay-dung-300x200.jpg 300w, https:\/\/thinhphatland.vn\/wp-content\/uploads\/2024\/05\/thiet-ke-xay-dung-768x512.jpg 768w, https:\/\/thinhphatland.vn\/wp-content\/uploads\/2024\/05\/thiet-ke-xay-dung-1536x1023.jpg 1536w, https:\/\/thinhphatland.vn\/wp-content\/uploads\/2024\/05\/thiet-ke-xay-dung.jpg 1600w\" sizes=\"auto, (max-width: 1020px) 100vw, 1020px\" \/>\t\t\t\t\t\t\n\t\t\t\t\t<\/div>\n\t\t\t\t\t\t\t\t\n<style>\n#image_1492022389 {\n  width: 100%;\n}\n<\/style>\n\t<\/div>\n\t\n\n\t<div class=\"img has-hover x md-x lg-x y md-y lg-y\" id=\"image_488887174\">\n\t\t\t\t\t\t\t\t<div class=\"img-inner dark\" >\n\t\t\t<img loading=\"lazy\" decoding=\"async\" width=\"1020\" height=\"765\" src=\"https:\/\/thinhphatland.vn\/wp-content\/uploads\/2024\/05\/ban-thiet-ke-xay-dung-nha.jpg\" class=\"attachment-large size-large\" alt=\"\" srcset=\"https:\/\/thinhphatland.vn\/wp-content\/uploads\/2024\/05\/ban-thiet-ke-xay-dung-nha.jpg 1024w, https:\/\/thinhphatland.vn\/wp-content\/uploads\/2024\/05\/ban-thiet-ke-xay-dung-nha-300x225.jpg 300w, https:\/\/thinhphatland.vn\/wp-content\/uploads\/2024\/05\/ban-thiet-ke-xay-dung-nha-768x576.jpg 768w\" sizes=\"auto, (max-width: 1020px) 100vw, 1020px\" \/>\t\t\t\t\t\t\n\t\t\t\t\t<\/div>\n\t\t\t\t\t\t\t\t\n<style>\n#image_488887174 {\n  width: 100%;\n}\n<\/style>\n\t<\/div>\n\t\n\n\t<div class=\"img has-hover x md-x lg-x y md-y lg-y\" id=\"image_38976053\">\n\t\t\t\t\t\t\t\t<div class=\"img-inner dark\" >\n\t\t\t<img loading=\"lazy\" decoding=\"async\" width=\"1020\" height=\"678\" src=\"https:\/\/thinhphatland.vn\/wp-content\/uploads\/2024\/05\/thiet-ke-xay-dung-nha-1024x681.jpg\" class=\"attachment-large size-large\" alt=\"\" srcset=\"https:\/\/thinhphatland.vn\/wp-content\/uploads\/2024\/05\/thiet-ke-xay-dung-nha-1024x681.jpg 1024w, https:\/\/thinhphatland.vn\/wp-content\/uploads\/2024\/05\/thiet-ke-xay-dung-nha-300x200.jpg 300w, https:\/\/thinhphatland.vn\/wp-content\/uploads\/2024\/05\/thiet-ke-xay-dung-nha-768x511.jpg 768w, https:\/\/thinhphatland.vn\/wp-content\/uploads\/2024\/05\/thiet-ke-xay-dung-nha.jpg 1100w\" sizes=\"auto, (max-width: 1020px) 100vw, 1020px\" \/>\t\t\t\t\t\t\n\t\t\t\t\t<\/div>\n\t\t\t\t\t\t\t\t\n<style>\n#image_38976053 {\n  width: 100%;\n}\n<\/style>\n\t<\/div>\n\t\n\n\t<div class=\"img has-hover x md-x lg-x y md-y lg-y\" id=\"image_1091944554\">\n\t\t\t\t\t\t\t\t<div class=\"img-inner dark\" >\n\t\t\t<img loading=\"lazy\" decoding=\"async\" width=\"1020\" height=\"574\" src=\"https:\/\/thinhphatland.vn\/wp-content\/uploads\/2024\/05\/banner_langtanson-1024x576.jpg\" class=\"attachment-large size-large\" alt=\"\" srcset=\"https:\/\/thinhphatland.vn\/wp-content\/uploads\/2024\/05\/banner_langtanson-1024x576.jpg 1024w, https:\/\/thinhphatland.vn\/wp-content\/uploads\/2024\/05\/banner_langtanson-300x169.jpg 300w, https:\/\/thinhphatland.vn\/wp-content\/uploads\/2024\/05\/banner_langtanson-768x432.jpg 768w, https:\/\/thinhphatland.vn\/wp-content\/uploads\/2024\/05\/banner_langtanson-1536x864.jpg 1536w, https:\/\/thinhphatland.vn\/wp-content\/uploads\/2024\/05\/banner_langtanson.jpg 1920w\" sizes=\"auto, (max-width: 1020px) 100vw, 1020px\" \/>\t\t\t\t\t\t\n\t\t\t\t\t<\/div>\n\t\t\t\t\t\t\t\t\n<style>\n#image_1091944554 {\n  width: 100%;\n}\n<\/style>\n\t<\/div>\n\t\n\n\n     <\/div>\n\n     <div class=\"loading-spin dark large centered\"><\/div>\n\n\t<\/div>\n\n\n\n\t\t<\/div>\n\n\t\t\n<style>\n#section_40949303 {\n  padding-top: 30px;\n  padding-bottom: 30px;\n}\n<\/style>\n\t<\/section>\n\t\n\t<section class=\"section\" id=\"section_48097348\">\n\t\t<div class=\"bg section-bg fill bg-fill  bg-loaded\" >\n\n\t\t\t\n\t\t\t<div class=\"section-bg-overlay absolute fill\"><\/div>\n\t\t\t\n\n\t\t<\/div>\n\n\t\t\n\n\t\t<div class=\"section-content relative\">\n\t\t\t\n\n<div class=\"row row-large align-middle\"  id=\"row-437470003\">\n\n\n\t<div id=\"col-1975254916\" class=\"col medium-6 small-12 large-6\"  >\n\t\t\t\t<div class=\"col-inner\"  >\n\t\t\t\n\t\t\t\n\n\t<div class=\"img has-hover x md-x lg-x y md-y lg-y\" id=\"image_1233198668\">\n\t\t\t\t\t\t\t\t<div class=\"img-inner dark\" >\n\t\t\t<img loading=\"lazy\" decoding=\"async\" width=\"1020\" height=\"574\" src=\"https:\/\/thinhphatland.vn\/wp-content\/uploads\/2024\/05\/banner_langtanson-1024x576.jpg\" class=\"attachment-large size-large\" alt=\"\" srcset=\"https:\/\/thinhphatland.vn\/wp-content\/uploads\/2024\/05\/banner_langtanson-1024x576.jpg 1024w, https:\/\/thinhphatland.vn\/wp-content\/uploads\/2024\/05\/banner_langtanson-300x169.jpg 300w, https:\/\/thinhphatland.vn\/wp-content\/uploads\/2024\/05\/banner_langtanson-768x432.jpg 768w, https:\/\/thinhphatland.vn\/wp-content\/uploads\/2024\/05\/banner_langtanson-1536x864.jpg 1536w, https:\/\/thinhphatland.vn\/wp-content\/uploads\/2024\/05\/banner_langtanson.jpg 1920w\" sizes=\"auto, (max-width: 1020px) 100vw, 1020px\" \/>\t\t\t\t\t\t\n\t\t\t\t\t<\/div>\n\t\t\t\t\t\t\t\t\n<style>\n#image_1233198668 {\n  width: 100%;\n}\n<\/style>\n\t<\/div>\n\t\n\n\n\t\t<\/div>\n\t\t\t\t\t<\/div>\n\n\t\n\n\t<div id=\"col-1875519338\" class=\"col medium-6 small-12 large-6\"  >\n\t\t\t\t<div class=\"col-inner text-left\"  >\n\t\t\t\n\t\t\t\n\n\t<div id=\"text-1897543375\" class=\"text\">\n\t\t\n\n<h2><span data-text-color=\"secondary\">X\u00e2y d\u1ef1ng Bungalow &amp; Homestay<\/span><\/h2>\n<p>T\u01b0 v\u1ea5n v\u00e0 thi\u1ebft k\u1ebf x\u00e2y d\u1ef1ng Bungalow &amp; Homestay<\/p>\n\t\t\n<style>\n#text-1897543375 {\n  color: rgb(0,0,0);\n}\n#text-1897543375 > * {\n  color: rgb(0,0,0);\n}\n<\/style>\n\t<\/div>\n\t\n<a class=\"button primary\"  >\n    <span>Xem chi ti\u1ebft<\/span>\n  <\/a>\n\n\n\n\t\t<\/div>\n\t\t\t\t\t<\/div>\n\n\t\n\n<\/div>\n\n\t\t<\/div>\n\n\t\t\n<style>\n#section_48097348 {\n  padding-top: 60px;\n  padding-bottom: 60px;\n}\n#section_48097348 .section-bg-overlay {\n  background-color: rgba(191, 34, 46, 0.494);\n}\n<\/style>\n\t<\/section>\n\t\n\t<section class=\"section\" id=\"section_878299410\">\n\t\t<div class=\"bg section-bg fill bg-fill  bg-loaded\" >\n\n\t\t\t\n\t\t\t<div class=\"section-bg-overlay absolute fill\"><\/div>\n\t\t\t\n\n\t\t<\/div>\n\n\t\t\n\n\t\t<div class=\"section-content relative\">\n\t\t\t\n\n<div class=\"row row-large align-middle\"  id=\"row-730824263\">\n\n\n\t<div id=\"col-570720108\" class=\"col medium-6 small-12 large-6\"  >\n\t\t\t\t<div class=\"col-inner text-left\"  >\n\t\t\t\n\t\t\t\n\n<h2><span data-text-color=\"secondary\">T\u01b0 V\u1ea5n Thi\u1ebft K\u1ebf X\u00e2y D\u1ef1ng<\/span><\/h2>\n<p>T\u01b0 v\u1ea5n thi\u1ebft k\u1ebf x\u00e2y d\u1ef1ng nh\u00e0 \u1edf v\u00e0 c\u00f4ng tr\u00ecnh theo y\u00eau c\u1ea7u.<\/p>\n<a class=\"button primary\"  >\n    <span>Xem Chi Ti\u1ebft<\/span>\n  <\/a>\n\n\n\n\t\t<\/div>\n\t\t\t\t\t<\/div>\n\n\t\n\n\t<div id=\"col-1835656379\" class=\"col medium-6 small-12 large-6\"  >\n\t\t\t\t<div class=\"col-inner\"  >\n\t\t\t\n\t\t\t\n\n\t<div class=\"img has-hover x md-x lg-x y md-y lg-y\" id=\"image_1637381269\">\n\t\t\t\t\t\t\t\t<div class=\"img-inner dark\" >\n\t\t\t<img loading=\"lazy\" decoding=\"async\" width=\"1020\" height=\"679\" src=\"https:\/\/thinhphatland.vn\/wp-content\/uploads\/2024\/05\/thiet-ke-xay-dung-1024x682.jpg\" class=\"attachment-large size-large\" alt=\"Thi\u1ebft k\u1ebf x\u00e2y d\u1ef1ng nh\u00e0\" srcset=\"https:\/\/thinhphatland.vn\/wp-content\/uploads\/2024\/05\/thiet-ke-xay-dung-1024x682.jpg 1024w, https:\/\/thinhphatland.vn\/wp-content\/uploads\/2024\/05\/thiet-ke-xay-dung-300x200.jpg 300w, https:\/\/thinhphatland.vn\/wp-content\/uploads\/2024\/05\/thiet-ke-xay-dung-768x512.jpg 768w, https:\/\/thinhphatland.vn\/wp-content\/uploads\/2024\/05\/thiet-ke-xay-dung-1536x1023.jpg 1536w, https:\/\/thinhphatland.vn\/wp-content\/uploads\/2024\/05\/thiet-ke-xay-dung.jpg 1600w\" sizes=\"auto, (max-width: 1020px) 100vw, 1020px\" \/>\t\t\t\t\t\t\n\t\t\t\t\t<\/div>\n\t\t\t\t\t\t\t\t\n<style>\n#image_1637381269 {\n  width: 100%;\n}\n<\/style>\n\t<\/div>\n\t\n\n\n\t\t<\/div>\n\t\t\t\t\t<\/div>\n\n\t\n\n<\/div>\n\n\t\t<\/div>\n\n\t\t\n<style>\n#section_878299410 {\n  padding-top: 60px;\n  padding-bottom: 60px;\n}\n#section_878299410 .section-bg-overlay {\n  background-color: rgba(255, 255, 255, 0.85);\n}\n<\/style>\n\t<\/section>\n\t\n\n","protected":false},"excerpt":{"rendered":"","protected":false},"author":1,"featured_media":0,"parent":0,"menu_order":0,"comment_status":"closed","ping_status":"closed","template":"page-blank.php","meta":{"footnotes":""},"class_list":["post-58","page","type-page","status-publish","hentry"],"_links":{"self":[{"href":"https:\/\/thinhphatland.vn\/index.php\/wp-json\/wp\/v2\/pages\/58","targetHints":{"allow":["GET"]}}],"collection":[{"href":"https:\/\/thinhphatland.vn\/index.php\/wp-json\/wp\/v2\/pages"}],"about":[{"href":"https:\/\/thinhphatland.vn\/index.php\/wp-json\/wp\/v2\/types\/page"}],"author":[{"embeddable":true,"href":"https:\/\/thinhphatland.vn\/index.php\/wp-json\/wp\/v2\/users\/1"}],"replies":[{"embeddable":true,"href":"https:\/\/thinhphatland.vn\/index.php\/wp-json\/wp\/v2\/comments?post=58"}],"version-history":[{"count":5,"href":"https:\/\/thinhphatland.vn\/index.php\/wp-json\/wp\/v2\/pages\/58\/revisions"}],"predecessor-version":[{"id":304,"href":"https:\/\/thinhphatland.vn\/index.php\/wp-json\/wp\/v2\/pages\/58\/revisions\/304"}],"wp:attachment":[{"href":"https:\/\/thinhphatland.vn\/index.php\/wp-json\/wp\/v2\/media?parent=58"}],"curies":[{"name":"wp","href":"https:\/\/api.w.org\/{rel}","templated":true}]}}